= i**2 + 5*i + 2. Let p be v(-3). Let h(l) = -l. Let u(x) = -1. Let f(z) = -2*h(z) - u(z). Give f(p).
-7
Let n be -1 - ((-6 - -4) + 1). Let k(w) = w**3 - w**2 + w + 12. Determine k(n).
12
Let y(j) = 3*j**2 + j**2 - 1 - 2*j**2 - j**2 + j. Give y(-1).
-1
Let h(c) = c**2 - 3*c - 2. Let v(m) = m**3 - 8*m**2 - 2*m + 21. Let i be v(8). Give h(i).
8
Let b(d) = -15*d + 351 + 14*d - d**2 - 346. Let l(g) = -g + 6. Let s be l(6). Calculate b(s).
5
Let b(p) = p**2 - 2*p + 1. Suppose 0 = c - 8 + 7. Calculate b(c).
0
Let b(r) = 7*r**3 + 15*r. Let l(c) = 3*c**3 + 7*c. Let d(k) = 6*b(k) - 13*l(k). Suppose 61 = -4*o + 65. What is d(o)?
2
Let d be (5/3)/(2/6). Suppose -d*y - 15 = -o, 2*o - 4*y = -3*o + 33. Let u(k) be the first derivative of k**2/2 - k - 3. Give u(o).
4
Let m(x) = -x**3 - 3*x**2 + 5*x + 2. Let i(f) = -3*f**2 + f. Let y(w) = w**3 + 7*w**2 + 5*w - 7. Let q be y(-6). Let s be i(q). Calculate m(s).
-2
Let y(b) = -9 + 2*b + 4 + 5 - 3. Determine y(3).
3
Let l(y) = 5*y**2 - 20*y + 8. Let d(p) be the second derivative of -7/6*p**3 + 3/2*p**2 + 1/6*p**4 + 2*p + 0. Let v(m) = -8*d(m) + 3*l(m). Give v(-2).
4
Let a = 13 - 17. Let m(t) = 0*t + 3*t - 5*t**2 + t**2 + 1 - t**3. What is m(a)?
-11
Let x(d) = -5*d**2 - d + 2. Let b(n) = 2*n**2 - 2*n - 2. Let v be b(2). Let t(k) = 16*k**2 + 4*k - 6. Let f(r) = v*t(r) + 7*x(r). What is f(2)?
-8
Suppose 3*b + 4*q = 36, -21 = -4*q - 9. Suppose -9*i - 2 = -b*i. Let d(x) = -7*x - 2. What is d(i)?
12
Let z(g) be the third derivative of g**4/6 + g**3/6 - g**2. Determine z(-2).
-7
Let o(z) be the first derivative of -z**3/3 - z**2/2 + 8*z + 4. Suppose 2*t + 5*i + 25 = 0, -5*i - 13 = t + 12. Determine o(t).
8
Let m(v) be the second derivative of v**5/20 + v**4/3 - 5*v**3/6 + 2*v**2 - 48*v. Determine m(-5).
4
Let d(r) = 3*r**2 + r**3 + 1 + 3*r - 2*r**2 + 2*r**2. Let c(x) = -x + 2*x**3 + 3 - x**2 - 1 + 6*x + 7*x**2. Let t(p) = -3*c(p) + 5*d(p). Calculate t(-3).
-1
Let y(b) be the third derivative of -b**4/12 + 3*b**3/2 - 8*b**2. Give y(7).
-5
Let l(j) = -11*j - 3*j**2 - 2 + 5*j**2 + 4. Let t(y) = -y**2 + 6*y - 1. Let b(c) = 6*l(c) + 11*t(c). Suppose 3*k = 2*k. What is b(k)?
1
Let r(z) = z**2 + 2*z - 1. Let x be r(1). Let a(t) = 1 - 2*t**2 + t**3 + 5*t - x*t + 0*t**2 - 2*t. What is a(2)?
3
Suppose -a - a + 26 = 0. Let b(w) = 0*w - w - a + 2*w + 8. Give b(6).
1
Suppose -18 + 2 = 4*m. Let c(t) be the second derivative of -t**4/12 - t**3/2 + 2*t**2 + t. Determine c(m).
0
Let l(a) = -a**2 + 2*a + 8*a - 3 - 3*a - 3. Give l(4).
6
Let q(z) = -3*z + 4. Suppose 3*h - 31 = 41. Suppose 3*l - 2*v = 3*v - h, 2*l + 2*v = 0. Let d be (-13)/l - 2/(-3). Determine q(d).
-11
Let p = 30 - 36. Let q(h) = -11 + 4*h + 0*h - 6*h + h. Determine q(p).
-5
Let c(q) = -q**3 - 2*q**2 + q + 1. Let h = 8 + -5. Suppose -h*y - 6 = -4*k, -10 = 3*k - 1. Let t be (-8)/3 + 2/y. Give c(t).
7
Let p(l) = -19*l. Let m(x) = -37*x. Let g(o) = 6*m(o) - 11*p(o). Calculate g(-1).
13
Let x(p) be the first derivative of -p**6/360 + p**5/120 + p**4/6 - p**3 + 2. Let t(j) be the third derivative of x(j). Determine t(3).
-2
Let n(h) = 7*h**2 + 2*h + 1. Let a be 10/55 + 31/11. Suppose -2*i - i = a. What is n(i)?
6
Let x(n) = -2*n - 7. Let p(m) = -m**3 - m**2 + m - 2. Let q be p(-2). Suppose -3*k + h - 20 = 0, -3*k + 3*h + 2*h - 40 = q. Give x(k).
3
Let y(d) = -d + 2. Let f(s) = 3*s + 30. Let j be f(-8). Calculate y(j).
-4
Let o(d) = -2*d**3 - 3*d**2 - 2*d - 3. Let j be o(-2). Let i(z) = -2*z + 0*z + j*z - 12 + 10. Determine i(2).
4
Let p(f) = -7*f**3 + 10*f**2 + 12*f - 13. Let w(m) = -m**3 + m**2 + m - 1. Let o(n) = -p(n) + 6*w(n). Give o(5).
2
Let i(f) = -f + 10. Let m be i(5). Let r(a) = -5*a**2 - 6*a**3 - a**3 + 4*a**3 - 2 + 4*a**3. Give r(m).
-2
Let b be 2/(-6)*12/4. Suppose 2 = 2*y - 4. Let v(n) = y*n - 3*n + 8*n. Calculate v(b).
-8
Let t(k) = k**2 + 5*k - 3. Let a be 14/(-441)*-9 - (-51)/(-7). Calculate t(a).
11
Let q(v) = v**3 + 4*v**2 - 4*v + 7. Let d be ((-4)/(-3))/((-10)/(-15)). Suppose 5*u - 3*j = -10, u = -d*j - 2 - 13. Determine q(u).
2
Let s(u) = -5*u**3 + 3*u**2 - 3*u + 7. Let f(b) = 9*b**3 - 5*b**2 + 5*b - 13. Let r(q) = -6*f(q) - 11*s(q). Determine r(3).
10
Suppose 0*r - 3 = -3*r. Let w(q) = 2*q**2 + 2*q - 1. Let a be w(r). Let y(m) = -m - a*m + 3 - 1. Give y(2).
-6
Let y(u) be the third derivative of -1/24*u**4 + 0*u + 7/6*u**3 - 1/120*u**6 + 0 + 5*u**2 + 1/10*u**5. What is y(6)?
1
Let b(j) = -j**3 + 15*j**2 - j + 18. Let c be b(15). Let s(f) = 2*f + 1. Let l(d) = -d - 1. Let h(p) = -4*l(p) - 3*s(p). Determine h(c).
-5
Let v(b) = -4*b - 8. Let w(r) be the first derivative of -r**2 - 4*r + 9. Let h(g) = -g**2 - 6*g - 3. Let a be h(-2). Let p(o) = a*w(o) - 3*v(o). Give p(-4).
-4
Let v(c) = c**2 - 6*c + 1. Let x be v(3). Let t be (x/20)/((-3)/(-15)). Let y(r) = -6*r + 6. Let l(i) = 5*i - 5. Let k(f) = -5*l(f) - 4*y(f). What is k(t)?
3
Let h = 5 + -3. Suppose 6*t + 12 = h*t. Let p(i) = -5*i**2 + 8*i + 3. Let w(j) = 6*j**2 - 9*j - 3. Let n(b) = 7*p(b) + 6*w(b). What is n(t)?
6
Let x be ((-21)/(-3)*4/14)/2. Let a(j) = 6*j - 1. Determine a(x).
5
Let h be 24/(-60) + (-14)/(-10). Let f(z) = 9*z**2. Determine f(h).
9
Let u(r) = -9*r. Let i(b) be the third derivative of b**5/60 + b**4/6 + b**3/2 + b**2. Let x be i(-2). Give u(x).
9
Let u(z) be the third derivative of -z**5/60 + z**4/6 + z**3/6 - 20*z**2. Let g = -31 + 22. Let a = 13 + g. Give u(a).
1
Let g(k) = k**2 + 10*k + 6. Let m be (-2)/((-2)/(-20)*(-11 - -13)). Determine g(m).
6
Let n = 6 - 4. Let z(o) = 2*o**2 - 3*o - 3*o**n + 2*o**2 + 4. Suppose 5*g - 3*a + a = 21, 0 = -5*a - 15. Give z(g).
4
Let r(k) = 2*k**2 - 8*k - 4. Let f be (-18)/15*5/(-1). Calculate r(f).
20
Let s(p) = 10*p + 3. Suppose 3*d = -g - 12, 2*d + 6*g - g = -21. Determine s(d).
-27
Let i be (1 - 1) + 0/(-14). Let l(y) be the second derivative of -y + 1/6*y**3 + i - 9/2*y**2. Calculate l(0).
-9
Let l(b) be the first derivative of b**3/3 - 4*b**2 + 6*b + 5. Calculate l(7).
-1
Let u(s) = 14*s - 18. Let m(v) = -5*v + 6. Let z(t) = -17*m(t) - 6*u(t). Determine z(0).
6
Suppose 3*i + 1 = -l + 41, -l - 80 = -5*i. Let s = -14 + i. Let a(r) = -r**3. Calculate a(s).
-1
Let b(i) = 0*i + 2*i - 2*i**2 + 6*i**2 - 2*i**2 + 3. Calculate b(-2).
7
Let j(d) be the first derivative of -d**2/2 - 7*d + 1. Suppose -42 = -3*s + 9*s. Calculate j(s).
0
Let k be (13/4)/((-5)/(-20)). Suppose -3*s - 12 = -5*s. Let c(t) = -11*t**2 - 23*t + 1. Let l(f) = 5*f**2 + 11*f. Let x(a) = k*l(a) + s*c(a). What is x(5)?
6
Let f(h) be the first derivative of h**2/2 - 4*h + 4. Calculate f(5).
1
Let j = -4 + 9. Let x(f) = 2*f + j - 4 - 5 - 4. Give x(6).
4
Let z be 6*-1 + 2 + 1. Let w be 1 + (-9 + 3)/z. Let y(h) = h**3 - 4 + 6*h**2 + 4*h + 1 + w. Calculate y(-5).
5
Let a(f) = -8*f**2 - f - 1. Suppose 5*m = -0*m - 5. What is a(m)?
-8
Let t(z) be the third derivative of 5*z**2 + 0*z - 1/12*z**4 + 0 + 1/60*z**5 - 2/3*z**3. What is t(5)?
11
Suppose 2*g - 3*g - 2 = 0. Let r(o) = 2*o + 0*o - o - 2. Let q be r(g). Let u(a) = -a**2 - 4*a - 1. What is u(q)?
-1
Let g be -2 - (-1 + 4/4). Let n = -4 + g. Let r(b) = -b**3 - 7*b**2 - 4*b + 7. Give r(n).
-5
Suppose -30 = 3*y - 3*r, 0 = -2*y + 5*y + r + 22. Let z(s) = s - 2. Give z(y).
-10
Let f be 124/18 + (-1)/(-9). Let p(o) = o**3 - 8*o**2 + 7*o - 1. Calculate p(f).
-1
Let o(j) = -j - 1. Let m be ((-20)/(-15))/(-1)*3. What is o(m)?
3
Let x(r) = -r**2 + 2*r - 1. Let c be (0 - 2) + (7 - 0). Suppose s + c*t = 22, -s + t = 1 + 1. Suppose -3*g - 9 = y, -g + s = -y + 3*y. What is x(y)?
-4
Let s(k) = k**2 + 2*k + 6. Let o(i) = -3*i**2 - 4*i - 13. Let v(w) = -4*o(w) - 9*s(w). Let j = 3 + 1. Suppose -2 = -j*y + 3*y. What is v(y)?
6
Let i(m) = m**3 + m**2 - m + 1. Let y(c) = -7*c**3 - 8*c**2 + 9*c - 3. Let l(t) = -6*i(t) - y(t). Let j = 2 - 4. What is l(j)?
3
Let y be (-1)/(1*(-2)/4). Let r be y/2 + 3/(-1). Let j(p) be the first derivative of p**3 - p**2/2 - 2*p - 10. Determine j(r).
12
Let g(t) be the third derivative of 0*t - 1/3*t**3 + 0 + 1/8*t**4 - 1/60*t**5 + 4*t**2. Calculate g(4).
-6
Let g(s) = 2*s + 6. Suppose 0 = 2*y - 59 + 437. Let c be 2/10 + y/45. Determine g(c).
-2
Let w(l) = l**3 + 3*l**2 - 2*l + 1. Let a = -22 - -18. Give w(a).
-7
Let f be (-8)/36 - (-255)/54. Let t(h) be the second derivative of 0 + 0*h**4 + 1/20*h**5 - f*h**2 + 0*h**3 - 2*h.